{"id":2,"date":"2026-04-15T05:10:28","date_gmt":"2026-04-15T05:10:28","guid":{"rendered":"http:\/\/notredamedelure.fr\/?page_id=2"},"modified":"2026-04-18T23:06:41","modified_gmt":"2026-04-18T21:06:41","slug":"l-abbaye","status":"publish","type":"page","link":"https:\/\/notredamedelure.fr\/index.php\/l-abbaye\/","title":{"rendered":"L&rsquo;Abbaye"},"content":{"rendered":"\n<h1 class=\"wp-block-heading has-text-align-center\" style=\"margin-right:var(--wp--preset--spacing--40);margin-left:var(--wp--preset--spacing--40)\">Notre-Dame de Lure<\/h1>\n\n\n\n<p class=\"has-text-align-center is-style-default has-medium-font-size\" style=\"margin-top:var(--wp--preset--spacing--20);margin-right:var(--wp--preset--spacing--40);margin-bottom:var(--wp--preset--spacing--20);margin-left:var(--wp--preset--spacing--40)\">D\u00e9couvrez l\u2019ordre de Chalais et l\u2019historique de l\u2019Abbaye<\/p>\n\n\n\n<div class=\"wp-block-group large-margin is-vertical is-content-justification-left is-layout-flex wp-container-core-group-is-layout-efe2a414 wp-block-group-is-layout-flex\" style=\"margin-top:var(--wp--preset--spacing--50);margin-bottom:var(--wp--preset--spacing--50);padding-right:0;padding-left:0\">\n<h2 class=\"wp-block-heading is-style-text-subtitle has-large-font-size is-style-text-subtitle--1\"><strong>L&rsquo;ordre de Chalais<\/strong><\/h2>\n\n\n\n<p class=\"has-medium-font-size\">Le XII<sup>e<\/sup> si\u00e8cle fut une p\u00e9riode de d\u00e9veloppement intense du monarchisme. En r\u00e9action contre la puissance, des ordres b\u00e9n\u00e9dictins et clunisiens ont souhait\u00e9 un retour \u00e0 la solitude et \u00e0 une vie contemplative stricte accompagn\u00e9e de travail manuel : construction, \u00e9levage des moutons, exploitation de la for\u00eat&#8230;<\/p>\n\n\n\n<p class=\"has-medium-font-size\">Ainsi fut fond\u00e9 <strong>l\u2019Ordre monastique de Chalais<\/strong> dont l\u2019existence \u00e9ph\u00e9m\u00e8re, oubli\u00e9e par l\u2019histoire, ne fut red\u00e9couverte qu\u2019au XX<sup>e<\/sup> si\u00e8cle. Originaire du d\u00e9partement de l\u2019Is\u00e8re, cet ordre est cr\u00e9\u00e9 par une poign\u00e9e d\u2019hommes, accompagn\u00e9s de l\u2019\u00e9v\u00eaque de Grenoble, Hugues de Ch\u00e2teauneuf. Ils s\u2019installent sur une terrasse dominant la vall\u00e9e de l\u2019Is\u00e8re o\u00f9 ils construisent <strong>l\u2019abbaye de Chalais en 1124<\/strong>. En 1130 une autre communaut\u00e9 men\u00e9e par l\u2019abb\u00e9 Jean de Chalais \u00e9l\u00e8ve <strong>Notre-Dame de Boscodon<\/strong>.<\/p>\n\n\n\n<p class=\"has-medium-font-size\">Guigues de Revel, figure montagnarde de l\u2019ordre, premier abb\u00e9 de Boscodon, essaima \u00e0 son tour l\u2019ordre monastique dans le Sud-Est de la France. Ma\u00eetre spirituel et constructeur, il \u00e9difia deux monast\u00e8res, ceux de Prads et de Lure dont il fut \u00e9galement le premier abb\u00e9, puis nomm\u00e9 \u00e9v\u00eaque de Digne en 1184, il construisit la cath\u00e9drale.<\/p>\n\n\n\n<p class=\"has-medium-font-size\">Partis de la m\u00eame inspiration et vou\u00e9s \u00e0 la pratique de la m\u00eame r\u00e8gle que les moines cisterciens, les moines chalaisiens ont des conditions de vie encore plus dures, des effectifs et des ressources faibles. Ils firent leurs propres exp\u00e9riences et pouss\u00e8rent encore plus loin la sobri\u00e9t\u00e9 et le d\u00e9pouillement dans leurs constructions. De vocation pastorale et foresti\u00e8re, l\u2019ordre de Chalais comptait de nombreux monast\u00e8res :<\/p>\n\n\n\n<div class=\"wp-block-columns has-custom-nd-lure-accent-2-background-color has-background is-layout-flex wp-container-core-columns-is-layout-87beb0d0 wp-block-columns-is-layout-flex\" style=\"border-top-left-radius:42px;border-top-right-radius:42px;border-bottom-left-radius:42px;border-bottom-right-radius:42px\">\n<div class=\"wp-block-column is-layout-flow wp-block-column-is-layout-flow\">\n<ul class=\"wp-block-list is-style-default\">\n<li class=\"has-medium-font-size\">Abbaye d\u2019Albeval ou Aubevaux (Vinay puis Beaulieu dans l\u2019Is\u00e8re)<\/li>\n\n\n\n<li class=\"has-medium-font-size\">Abbaye d\u2019Almeval<\/li>\n\n\n\n<li class=\"has-medium-font-size\">Abbaye Notre-Dame de Boscodon (Hautes-Alpes)<\/li>\n\n\n\n<li class=\"has-medium-font-size\">Abbaye Notre-Dame de Chalais \u00e0 940m d\u2019altitude (Voreppe, Is\u00e8re) aujourd\u2019hui occup\u00e9e par des moniales dominicaines<\/li>\n\n\n\n<li class=\"has-medium-font-size\">Abbaye de Clairecombe (Ribiers, Hautes-Alpes)<\/li>\n\n\n\n<li class=\"has-medium-font-size\">Abbaye de Clausonne (Le Saix, Hautes-Alpes)<\/li>\n<\/ul>\n<\/div>\n\n\n\n<div class=\"wp-block-column is-layout-flow wp-block-column-is-layout-flow\">\n<ul class=\"wp-block-list is-style-default\">\n<li class=\"has-medium-font-size\">Abbaye de Laverq, ex-Prieur\u00e9 (Meolans-Revel, Alpes de Haute Provence)<\/li>\n\n\n\n<li class=\"has-medium-font-size\"><strong>Abbaye Notre-Dame de Lure (Saint-\u00c9tienne-les-Orgues, Alpes de Haute Provence)<\/strong><\/li>\n\n\n\n<li class=\"has-medium-font-size\">Abbaye de Prads (Prads-Haute-Bl\u00e9one, Alpes de Haute Provence)<\/li>\n\n\n\n<li class=\"has-medium-font-size\">Abbaye Sainte-Marie de Pierredon (Saint-R\u00e9my de Provence, Bouches du Rh\u00f4ne)<\/li>\n\n\n\n<li class=\"has-medium-font-size\">Abbaye de Valbonne (Valbonne, Alpes-Maritimes)<\/li>\n\n\n\n<li class=\"has-medium-font-size\">Prieur\u00e9 Saint-Maurice (Valserres \u2013Hautes-Alpes)<\/li>\n<\/ul>\n<\/div>\n<\/div>\n\n\n\n<p class=\"has-text-align-left has-medium-font-size\">Sept de ces abbayes sont en pleine montagne \u00e0 plus de 1000 m\u00e8tres d\u2019altitude, d\u2019o\u00f9 la vocation montagnarde de l\u2019ordre.<\/p>\n\n\n\n<p class=\"has-medium-font-size\">De racine dauphinoise et proven\u00e7ale, ces fondations virent le jour en 60 ans. \u00c0 la fin du XII<sup>e<\/sup> si\u00e8cle, le mouvement, n\u00e9 en m\u00eame temps que C\u00eeteaux et la Grande Chartreuse, perdit de sa vigueur.<\/p>\n\n\n\n<p class=\"has-medium-font-size\">En 1303, les monast\u00e8res de C\u00eeteaux couvraient la France enti\u00e8re et l\u2019Europe. Seules deux abbayes de l\u2019ordre chalaisien se maintinrent jusqu\u2019aux guerres de religion : Chalais, devenue une abbaye en 1124 et Boscodon.<\/p>\n\n\n\n<p class=\"has-medium-font-size\">Les implantations des abbayes et prieur\u00e9s permirent de d\u00e9velopper la transhumance des ovins, d\u2019\u00e9tablir des relais. Ainsi, l\u2019abbaye de Pierredon \u00e0 Arles avait pour but la transhumance des ovins du secteur dauphinois et proven\u00e7al pour \u00e9viter de payer l\u2019octroi, la taxe de passage, du seigneur Guillaume de Montmirail \u00e0 Boscodon.<\/p>\n<\/div>\n\n\n\n<div class=\"wp-block-group large-padding is-vertical is-content-justification-center is-layout-flex wp-container-core-group-is-layout-e124fbce wp-block-group-is-layout-flex\" style=\"margin-top:0;margin-bottom:0;padding-top:var(--wp--preset--spacing--40);padding-bottom:var(--wp--preset--spacing--40)\">\n<div class=\"wp-block-group has-global-padding is-layout-constrained wp-block-group-is-layout-constrained\">\n<figure class=\"wp-block-image alignwide size-full has-custom-border wp-duotone-unset-2\" style=\"margin-right:var(--wp--preset--spacing--40);margin-left:var(--wp--preset--spacing--40)\"><img decoding=\"async\" src=\"\/wp-content\/uploads\/chalais\/chemins_chalaisiens.jpeg\" alt=\"\" class=\"wp-image-478\" style=\"border-style:none;border-width:0px;border-top-left-radius:15px;border-top-right-radius:15px;border-bottom-left-radius:15px;border-bottom-right-radius:15px\"\/><\/figure>\n<\/div>\n\n\n\n<p class=\"has-medium-font-size\">D\u00e9couvrez les chemins chalaisiens gr\u00e2ce \u00e0 <strong>l&rsquo;Itin\u00e9raire Touristique des Abbayes Chalaisiennes (ITAC)<\/strong>. Le projet <strong>ITAC<\/strong> propose plusieurs chemins de r\u00e9flexions, de m\u00e9ditations et de d\u00e9couvertes. Ils valorisent les sites monastiques chalaisiens et du terroir rural.<\/p>\n\n\n\n<div class=\"wp-block-buttons is-horizontal is-content-justification-center is-layout-flex wp-container-core-buttons-is-layout-ecd33c62 wp-block-buttons-is-layout-flex\">\n<div class=\"wp-block-button has-custom-width wp-block-button__width-100 is-style-fill\"><a class=\"wp-block-button__link wp-element-button\" href=\"https:\/\/www.itineraireschalaisiens.fr\/\">Visiter le site de l&rsquo;ITAC<\/a><\/div>\n<\/div>\n\n\n\n<p class=\"has-medium-font-size\">Notre association fait \u00e9galement partie de <strong>L&rsquo;union des Amis des Sites Chalaisiens (UNASIC)<\/strong>, qui a \u00e9t\u00e9 cr\u00e9\u00e9e en 2007. Le regroupement des associations de toutes les abbayes chalaisiennes s&rsquo;est fait en 2023 sous forme de f\u00e9d\u00e9ration. Elle compte aujourd&rsquo;hui sept associations,reparties sur quatre communes. Un travail important est effectu\u00e9 pour la mise en valeur et la reconnaissance historique des sites chalaisiens.<\/p>\n<\/div>\n\n\n\n<div class=\"wp-block-group large-margin is-vertical is-content-justification-center is-layout-flex wp-container-core-group-is-layout-757e0f9b wp-block-group-is-layout-flex\" style=\"margin-top:var(--wp--preset--spacing--50);margin-bottom:var(--wp--preset--spacing--50);padding-right:0;padding-left:0\">\n<h2 class=\"wp-block-heading has-large-font-size\"><strong>Abbaye Notre-Dame de Lure<\/strong><\/h2>\n\n\n\n<div class=\"wp-block-group full-width is-vertical is-content-justification-center is-layout-flex wp-container-core-group-is-layout-ce155fab wp-block-group-is-layout-flex\">\n<div class=\"wp-block-group full-width is-content-justification-center is-nowrap is-layout-flex wp-container-core-group-is-layout-23441af8 wp-block-group-is-layout-flex\">\n<figure class=\"wp-block-embed is-type-video is-provider-youtube wp-block-embed-youtube\" style=\"margin-top:0;margin-bottom:0\"><div class=\"wp-block-embed__wrapper\">\n<iframe loading=\"lazy\" title=\"ITAC Abbaye Notre Dame de Lure\" width=\"500\" height=\"281\" src=\"https:\/\/www.youtube.com\/embed\/yvAOusgVHD0?feature=oembed\" frameborder=\"0\" allow=\"accelerometer; autoplay; clipboard-write; encrypted-media; gyroscope; picture-in-picture; web-share\" referrerpolicy=\"strict-origin-when-cross-origin\" allowfullscreen><\/iframe>\n<\/div><\/figure>\n<\/div>\n\n\n\n<div class=\"wp-block-buttons is-horizontal is-content-justification-center is-layout-flex wp-container-core-buttons-is-layout-ecd33c62 wp-block-buttons-is-layout-flex\">\n<div class=\"wp-block-button has-custom-width wp-block-button__width-50 is-style-fill\"><a class=\"wp-block-button__link wp-element-button\" href=\"https:\/\/www.youtube.com\/watch?v=m8HySl1HT5k\">Abbaye de Boscodon<\/a><\/div>\n\n\n\n<div class=\"wp-block-button has-custom-width wp-block-button__width-50\"><a class=\"wp-block-button__link wp-element-button\" href=\"https:\/\/www.youtube.com\/watch?v=lu1ji2spYaw\">Abbaye du Laverq<\/a><\/div>\n\n\n\n<div class=\"wp-block-button has-custom-width wp-block-button__width-50\"><a class=\"wp-block-button__link wp-element-button\" href=\"https:\/\/www.youtube.com\/watch?v=3oZtKYa6HEU\">Abbaye de Clausonne<\/a><\/div>\n<\/div>\n<\/div>\n\n\n\n<p class=\"has-medium-font-size\">L\u2019abbaye Notre-Dame de Lure se distingue des autres abbatiales par ses modestes dimensions, les bras du transept et par l\u2019existence, sur la gauche, d\u2019un faux collat\u00e9ral construit peu apr\u00e8s l\u2019\u00e9difice principal, un faux collat\u00e9ral qui pourrait \u00eatre l\u2019habitation des moines.<\/p>\n\n\n\n<p class=\"has-medium-font-size\">L\u2019abbaye Notre-Dame de Lure est situ\u00e9e au milieu des for\u00eats qui s\u2019\u00e9tendent au nord de Saint-\u00c9tienne-les-Orgues, elle occupe l\u2019emplacement de l\u2019oratoire o\u00f9 un pieux anachor\u00e8te appel\u00e9 Saint-Donat se rendait pour prier (490-522). Peu de temps apr\u00e8s la mort de Saint-Donat furent \u00e9difi\u00e9s \u00e0 la m\u00e9moire des religieux qui s\u2019y install\u00e8rent, une chapelle et un monast\u00e8re que les Sarrazins d\u00e9truisirent de fond en comble vers l\u2019ann\u00e9e 950.<\/p>\n\n\n\n<p class=\"has-medium-font-size\">L\u2019abbaye Notre-Dame de Lure, fond\u00e9e en 1110 comptait au XIII<sup>e<\/sup> si\u00e8cle vingt religieux et poss\u00e9dait \u00e0 Saint-\u00c9tienne-les-Orgues les for\u00eats voisines de l\u2019abbaye ainsi que l\u2019important cellier de l\u2019Abadie. Le pape Jean XXII unit l\u2019abbaye Notre-Dame de Lure au chapitre d\u2019Avignon. Par la suite, le titre d\u2019abb\u00e9 de Lure fut souvent accord\u00e9 \u00e0 des chanoines de l\u2019\u00e9glise de Sisteron. En 1562-1598, un incendie fut allum\u00e9 par les protestants pendant la guerre de religion, qui d\u00e9truisit les b\u00e2timents de l\u2019abbaye. Tous les titres de propri\u00e9t\u00e9 qui y \u00e9taient d\u00e9pos\u00e9s disparurent dans les flammes. L\u2019abbaye Notre-Dame de Lure fut r\u00e9\u00e9difi\u00e9e en 1636 par les soins de la municipalit\u00e9 de Saint-\u00c9tienne-les-Orgues. De nombreux travaux de gros \u0153uvre furent entrepris par ma\u00eetre \u00c9tienne Conil, ma\u00e7on du village, et Jean-Luc Jehan, chevalier ma\u00eetre ma\u00e7on de Mane (20 ans de travaux). Quant au clo\u00eetre qui \u00e9tait situ\u00e9 sur le plateau, on le rempla\u00e7a \u00e0 la m\u00eame \u00e9poque par une construction tr\u00e8s modeste, appel\u00e9e l\u2019ermitage. Apr\u00e8s ces travaux, les p\u00e8lerinages redevinrent nombreux. L\u2019ermitage fut restaur\u00e9 en 1656.<\/p>\n\n\n\n<div class=\"wp-block-buttons is-horizontal is-content-justification-center is-nowrap is-layout-flex wp-container-core-buttons-is-layout-01e1d51f wp-block-buttons-is-layout-flex\">\n<div class=\"wp-block-button has-custom-width wp-block-button__width-100 is-style-fill\"><a class=\"wp-block-button__link has-text-align-center wp-element-button\" href=\"\/l-abbaye\/le-cellier\/\"><strong>Le cellier<\/strong><\/a><\/div>\n<\/div>\n\n\n\n<div class=\"wp-block-group has-custom-nd-lure-accent-2-background-color has-background is-vertical is-content-justification-center is-nowrap is-layout-flex wp-container-core-group-is-layout-1163b39d wp-block-group-is-layout-flex\" style=\"border-top-left-radius:42px;border-top-right-radius:42px;border-bottom-left-radius:42px;border-bottom-right-radius:42px;margin-top:0;margin-bottom:0;padding-top:var(--wp--preset--spacing--40);padding-right:var(--wp--preset--spacing--40);padding-bottom:var(--wp--preset--spacing--40);padding-left:var(--wp--preset--spacing--40)\">\n<p class=\"has-text-align-center\"><strong>XVIII<sup>e<\/sup> si\u00e8cle<\/strong><\/p>\n\n\n\n<div class=\"wp-block-columns is-layout-flex wp-container-core-columns-is-layout-28f84493 wp-block-columns-is-layout-flex\" style=\"border-style:none;border-width:0px;border-top-left-radius:0px;border-top-right-radius:0px;border-bottom-left-radius:0px;border-bottom-right-radius:0px\">\n<div class=\"wp-block-column is-layout-flow wp-block-column-is-layout-flow\">\n<p class=\"has-medium-font-size\">En 1789, une troupe de r\u00e9volutionnaires profana l\u2019abbaye Notre-Dame de Lure et la d\u00e9pouilla de tous ses ornements, elle fut d\u00e9clar\u00e9e propri\u00e9t\u00e9 nationale. En 1790, des biens furent confisqu\u00e9s. Sous la Terreur, les sans-culottes interdirent les p\u00e8lerinages, vandalis\u00e8rent le b\u00e2timent, mutilant les statues de la Vierge, br\u00fblant les ex-voto, tableaux, etc. Les cloches et les vases sacr\u00e9s furent port\u00e9s au chef-lieu du district pour \u00eatre vendus au profit de la nation.<\/p>\n\n\n\n<p class=\"has-medium-font-size\">La Vierge en bois du XVIII<sup>e<\/sup> si\u00e8cle fut sauv\u00e9e par le gardien de Lure, cach\u00e9e dans la montagne. Des messes furent c\u00e9l\u00e9br\u00e9es discr\u00e8tement durant cette p\u00e9riode troubl\u00e9e, un nouveau nom de village fut impos\u00e9 : Montlure.<\/p>\n<\/div>\n\n\n\n<div class=\"wp-block-column is-layout-flow wp-block-column-is-layout-flow\">\n<p class=\"has-medium-font-size\">Le 14 avril 1791, l\u2019abbaye Notre-Dame de Lure fut vendue \u00e0 Digne aux ench\u00e8res publiques avec les for\u00eats voisines (r\u00e9f. M. Isnard, archiviste en chef des Basses Alpes). La commune de Saint-\u00c9tienne-les-Orgues, acheta ces immeubles et terres pour 3800 livres par l\u2019interm\u00e9diaire de M. Jacques Tardieu. M. Claude Rouchon paya 14200 livres l\u2019important domaine de Labadie, o\u00f9 se trouve le cellier de l\u2019abbaye Notre-Dame de Lure.<\/p>\n<\/div>\n<\/div>\n<\/div>\n\n\n\n<div class=\"wp-block-group has-custom-nd-lure-accent-2-background-color has-background is-vertical is-content-justification-center is-nowrap is-layout-flex wp-container-core-group-is-layout-856ce87a wp-block-group-is-layout-flex\" style=\"border-top-left-radius:42px;border-top-right-radius:42px;border-bottom-left-radius:42px;border-bottom-right-radius:42px;padding-top:var(--wp--preset--spacing--40);padding-right:var(--wp--preset--spacing--40);padding-bottom:var(--wp--preset--spacing--40);padding-left:var(--wp--preset--spacing--40)\">\n<p>XIX<sup>e<\/sup> &#8211; Aujourd&rsquo;hui<\/p>\n\n\n\n<p class=\"has-medium-font-size\">En 1824, le site de l\u2019abbaye Notre-Dame de Lure est r\u00e9nov\u00e9, 22 tilleuls sont plant\u00e9s. En 1828, l\u2019ermitage est r\u00e9par\u00e9, en 1879 le clocheton et la cloche sont r\u00e9install\u00e9s, offerts par les p\u00e9nitents de Reillanne. Les six ex-voto furent r\u00e9pertori\u00e9s par le minist\u00e8re de la Culture au patrimoine national le 29 janvier 1990. Ces ex-voto sont actuellement conserv\u00e9s \u00e0 la mairie de Saint-\u00c9tienne-les-Orgues.<\/p>\n\n\n\n<p class=\"has-medium-font-size\">Le porche d\u2019entr\u00e9e et celui de l\u2019oculus ont \u00e9t\u00e9 r\u00e9nov\u00e9s, la restauration fut reprise de 1975 \u00e0 2006. Le cellier de l\u2019abbaye Notre-Dame de Lure situ\u00e9 au village daterait du XIII<sup>e<\/sup> voire du XI<sup>e<\/sup> si\u00e8cle. Il subvenait aux besoins alimentaires des moines. Non loin d\u2019une source et d\u2019une vaste \u00e9tendue de terre de culture mara\u00eech\u00e8re, il devint un relais sur la route des abbayes chalaisiennes. Ce cellier est aujourd\u2019hui une propri\u00e9t\u00e9 priv\u00e9e.<\/p>\n<\/div>\n\n\n\n<h2 class=\"wp-block-heading has-large-font-size\"><strong>Restauration de l&rsquo;abbaye<\/strong><\/h2>\n\n\n\n<p class=\"has-medium-font-size\">L\u2019abbaye Notre-Dame de Lure est class\u00e9e au Patrimoine National des Monuments historiques depuis 1981. Pour autant, l\u2019\u00e9difice est menac\u00e9 d\u2019effondrement par la v\u00e9tust\u00e9 des murs et la lourdeur de sa toiture en pierres. Un projet de restauration a \u00e9t\u00e9 mis en place par les municipalit\u00e9s pr\u00e9c\u00e9dentes qui n&rsquo;a toujours pas abouti \u00e0 ce jour. La nouvelle Association de Sauvegarde de l\u2019Abbaye Notre-Dame de Lure et du Patrimoine de Saint-\u00c9tienne-les-Orgues, que nous avons cr\u00e9\u00e9e en mai 2021, a pour objectif de soutenir ce projet avec l&rsquo;ensemble des St\u00e9phanois et tous ceux qui ont \u00e0 c\u0153ur de sauvegarder ce bel ouvrage de la Montagne de Lure.<\/p>\n\n\n\n<h2 class=\"wp-block-heading has-large-font-size\"><strong>Un autre projet sur le site de l&rsquo;abbaye: l&rsquo;ermitage<\/strong><\/h2>\n\n\n\n<p class=\"has-medium-font-size\">L\u2019ermitage est une d\u00e9pendance de l\u2019abbaye de Notre-Dame de Lure. La partie la plus ancienne, constitu\u00e9e du sous-sol vo\u00fbt\u00e9, remonte au XIII<sup>e<\/sup> si\u00e8cle et pr\u00e9sente des volumes caract\u00e9ristiques de l\u2019architecture chalaisienne. Le b\u00e2timent fut abandonn\u00e9 et laiss\u00e9 en ruines au XV<sup>e<\/sup> si\u00e8cle, avant d\u2019\u00eatre reconstruit au XVIII<sup>e<\/sup> si\u00e8cle. La partie visible aujourd\u2019hui correspond essentiellement \u00e0 cette reconstruction.<\/p>\n\n\n\n<p class=\"has-medium-font-size\">Cet \u00e9difice n\u00e9cessite aujourd\u2019hui une restauration. Celle-ci pourrait intervenir dans un second temps, apr\u00e8s les travaux de restauration de Notre-Dame de Lure, afin d\u2019assurer la s\u00e9curit\u00e9 et la mise en valeur du site.<\/p>\n\n\n\n<p class=\"has-medium-font-size\">Le projet envisag\u00e9 comprendrait un logement de gardiennage, l\u2019accueil possible d\u2019une petite communaut\u00e9 religieuse (candidature de moines propos\u00e9e par l\u2019\u00e9v\u00eaque de Digne, Monseigneur Emmanuel Gobilliard), ainsi qu\u2019un g\u00eete pour les randonneurs empruntant le circuit ITAC.<\/p>\n\n\n\n<div class=\"wp-block-group full-width is-vertical is-content-justification-center is-layout-flex wp-container-core-group-is-layout-ce155fab wp-block-group-is-layout-flex\">\n<figure class=\"wp-block-image alignfull size-large has-custom-border\"><img decoding=\"async\" src=\"\/wp-content\/uploads\/abbaye\/ermitage\/hermitage-1024x682.jpg\" alt=\"\" class=\"wp-image-484\" style=\"border-top-left-radius:25px;border-top-right-radius:25px;border-bottom-left-radius:25px;border-bottom-right-radius:25px\"\/><\/figure>\n<\/div>\n<\/div>\n\n\n\n<div class=\"wp-block-group large-margin is-horizontal is-content-justification-right is-layout-flex wp-container-core-group-is-layout-1042c682 wp-block-group-is-layout-flex\">\n<div class=\"wp-block-group is-vertical is-content-justification-left is-layout-flex wp-container-core-group-is-layout-d3a35c0a wp-block-group-is-layout-flex\" style=\"margin-top:0;margin-bottom:0;padding-right:0;padding-left:0\">\n<p class=\"is-style-default has-medium-font-size\">Le pr\u00e9sident:<\/p>\n\n\n\n<figure class=\"wp-block-image size-full is-resized\" style=\"margin-right:0;margin-left:0\"><img decoding=\"async\" src=\"\/wp-content\/uploads\/asal\/roche.png\" alt=\"\" class=\"wp-image-236\" style=\"object-fit:cover;width:363px;height:auto\"\/><\/figure>\n<\/div>\n<\/div>\n","protected":false},"excerpt":{"rendered":"<p>Notre-Dame de Lure D\u00e9couvrez l\u2019ordre de Chalais et l\u2019historique de l\u2019Abbaye L&rsquo;ordre de Chalais Le XIIe si\u00e8cle fut une p\u00e9riode de d\u00e9veloppement intense du monarchisme. En r\u00e9action contre la puissance, des ordres b\u00e9n\u00e9dictins et clunisiens ont souhait\u00e9 un retour \u00e0 la solitude et \u00e0 une vie contemplative stricte accompagn\u00e9e de travail manuel : construction, \u00e9levage [&hellip;]<\/p>\n","protected":false},"author":1,"featured_media":0,"parent":0,"menu_order":0,"comment_status":"closed","ping_status":"closed","template":"nd-lure-main","meta":{"footnotes":""},"class_list":["post-2","page","type-page","status-publish","hentry"],"_links":{"self":[{"href":"https:\/\/notredamedelure.fr\/index.php\/wp-json\/wp\/v2\/pages\/2","targetHints":{"allow":["GET"]}}],"collection":[{"href":"https:\/\/notredamedelure.fr\/index.php\/wp-json\/wp\/v2\/pages"}],"about":[{"href":"https:\/\/notredamedelure.fr\/index.php\/wp-json\/wp\/v2\/types\/page"}],"author":[{"embeddable":true,"href":"https:\/\/notredamedelure.fr\/index.php\/wp-json\/wp\/v2\/users\/1"}],"replies":[{"embeddable":true,"href":"https:\/\/notredamedelure.fr\/index.php\/wp-json\/wp\/v2\/comments?post=2"}],"version-history":[{"count":23,"href":"https:\/\/notredamedelure.fr\/index.php\/wp-json\/wp\/v2\/pages\/2\/revisions"}],"predecessor-version":[{"id":296,"href":"https:\/\/notredamedelure.fr\/index.php\/wp-json\/wp\/v2\/pages\/2\/revisions\/296"}],"wp:attachment":[{"href":"https:\/\/notredamedelure.fr\/index.php\/wp-json\/wp\/v2\/media?parent=2"}],"curies":[{"name":"wp","href":"https:\/\/api.w.org\/{rel}","templated":true}]}}